 - 3)*3. Suppose 2*m = -k - 19, 0 = -u*k - 3*k + 3*m - 30. Let z be (-2)/k - 3374/(-126). Calculate the highest common divisor of z and 9.
9
Let f be (-3)/(-12) - 7143/12. Let c = -227 - f. Calculate the greatest common factor of c and 46.
46
Let j(z) = z**2 - 3*z - 29. Let h be j(-14). Calculate the highest common factor of 11 and h.
11
Let s be 0/((-25)/(-5))*(-1)/2. Suppose s = -2*j + 41 - 35. What is the greatest common divisor of j and 9?
3
Let z(l) = 25*l**2 + 66*l + 267. Let y be z(-4). Calculate the greatest common factor of y and 124.
31
Let v = 18 + -7. Let r = -12 + 20. Let f be 4/(-16) - (-442)/r. What is the greatest common divisor of f and v?
11
Suppose -7 = 4*z - 19. Suppose -2*c + 13 = 5*w, 4*w + z*c - 24 = -2*c. Suppose -3*f = -23 - w. Calculate the greatest common factor of 20 and f.
4
Let c(a) = -a + 4. Let u be c(0). Suppose u*y - 5 = 11. Calculate the highest common factor of 12 and y.
4
Let l(w) = -11*w + 1. Let m be l(-13). What is the highest common divisor of m and 18?
18
Suppose 2*d - 5 - 75 = 0. Suppose 16*r + 95 = 35*r. Calculate the highest common factor of d and r.
5
Let l(a) = a**2 + 10*a - 11. Let c be l(-16). Suppose -3*q - c = -8*q. What is the greatest common factor of q and 221?
17
Suppose 5*n + 3*j - 1204 = 0, 2*n + j - 482 = -0*j. What is the greatest common divisor of 22 and n?
22
Let v(g) = -52*g + 444. Let m be v(0). Calculate the highest common factor of m and 24.
12
Suppose -y - 238 = -2*t, -4*y + 0*y = 3*t - 357. Let q be (16 + 1)/(-18 - -19). Calculate the greatest common factor of q and t.
17
Let m = 1089 + -1073. Calculate the greatest common divisor of 272 and m.
16
Let d = -1 - -1. Suppose d = 2*j + j - 108. Suppose w + 360 = 5*w. Calculate the highest common divisor of j and w.
18
Let u = 476 - 474. Let t(l) = -2*l + 5. Let f be t(6). Let d be (1 - u)/(f/56). Calculate the greatest common divisor of 8 and d.
8
Suppose -18 = 3*d - 5*j, -2*j + 2 = 3*d - 1. Let l be (-90)/(-2) + -2 + d. What is the greatest common divisor of 6 and l?
6
Suppose 0 = 8*i - 12*i + 20, 25 = 3*w + 2*i. What is the greatest common divisor of w and 10?
5
Suppose 2*q = -2*q. Let j be (q + 56)*(1 - 0). Calculate the highest common divisor of 7 and j.
7
Let v(m) = -20*m + 1. Let u be v(2). Let w = 95 + u. Calculate the greatest common factor of 140 and w.
28
Suppose -8 = -3*s + 22. Let d be (-824)/(-18) + s/45. Calculate the greatest common factor of d and 69.
23
Suppose -6*a = -136 + 40. Suppose 8 = -2*b + 6*b. Suppose -5*k = b*s + s - 71, 5*s = 5*k + 185. What is the highest common divisor of s and a?
16
Let s be 2 + 26 + 1 + 1. Let a = s + -16. Calculate the greatest common divisor of a and 126.
14
Let v = -46 - -55. Let z = v - -2. Let o be (-11)/(2 + (-7)/3). What is the highest common factor of z and o?
11
Let n(i) = i**2 + 5*i - 23. Let a be n(-10). Calculate the greatest common divisor of 189 and a.
27
Let l(u) = u**3 - 2*u**2 - 6*u - 1. Let h be l(5). What is the highest common divisor of h and 374?
22
Suppose -12 = 4*x - 2*s, 2 - 11 = 3*x - 2*s. Let n(g) = -g**3 - g**2 - 2*g - 1. Let k be n(x). Let o = k - -13. What is the greatest common factor of o and 90?
18
Suppose -368 = 8*i - 12*i. Calculate the greatest common divisor of i and 23.
23
Suppose -3751 - 463 = -7*q. What is the highest common divisor of 14 and q?
14
Suppose 0 = -27*s + 446 - 41. What is the greatest common factor of s and 435?
15
Suppose -2*x + 3528 = o, 5*x - 75*o = -72*o + 8820. What is the highest common divisor of 378 and x?
126
Let q = -110 - -390. Calculate the greatest common factor of q and 14.
14
Let g = 17 + 9. Let l = g + 1. Let n be (2 + -4)/((-1)/l). What is the highest common factor of n and 18?
18
Suppose 3*z + 27*z = 30. Calculate the highest common divisor of z and 179.
1
Let i be (6/((-18)/3))/((-4)/276). Calculate the greatest common factor of i and 9.
3
Suppose -32 + 1 = -u. Let d = -403 - -651. What is the greatest common factor of u and d?
31
Suppose 4*x + 31 = 103. Let w(i) = -23*i - 7. Let s be w(-6). Suppose 4*a - 347 + s = 0. Calculate the highest common divisor of x and a.
18
Let y = -4 - -72. Let o = y + -40. Suppose -s + 2*s = o. Calculate the highest common divisor of s and 4.
4
Let z(q) = q**3 - 83*q - 8. Let a be z(-9). Calculate the greatest common factor of 130 and a.
10
Let n = 320 + -309. Calculate the greatest common divisor of n and 1243.
11
Let k = 257 + -224. Calculate the greatest common divisor of k and 77.
11
Let d = -9 - -9. Let n = 2 + -6. Let m = d - n. What is the greatest common factor of 6 and m?
2
Suppose -u + 28 = 19. Suppose -3*s - u = 6, 2*s = -3*b + 23. Calculate the greatest common factor of b and 165.
11
Suppose -15 = -38*a + 37*a - f, 93 = 5*a - 4*f. What is the greatest common divisor of a and 153?
17
Let g(m) = m + 11. Let b be (-20)/6*(-48)/(-20). Let p be g(b). Suppose l = p*k - 23, -8 - 35 = -3*k + 5*l. Calculate the greatest common divisor of 66 and k.
6
Let z be (368/(-14) + 0)*7/(-2). Calculate the greatest common divisor of z and 230.
46
Let n = 226 + -121. Suppose -5*u + 120 = -n. Let s be 3/6 - (42/(-4) + 6). Calculate the greatest common factor of u and s.
5
Suppose 2*m = -0*m + 4. Suppose m*t = 2, 10*t = -5*z + 5*t + 5. Suppose z = 4*l + 3*p - 0*p - 32, 5*l = 5*p + 75. What is the highest common factor of 11 and l?
11
Let x = -71 - -95. Let k be 1/4 + (7 - (-3954)/x). Calculate the greatest common factor of k and 43.
43
Suppose -1326 = -718*z + 712*z. What is the highest common factor of 26 and z?
13
Let r(m) = -m**2 + 6*m + 27. Let v be r(9). Suppose -i + v*i = 4*l - 72, 0 = 5*i - 20. Calculate the highest common divisor of 68 and l.
17
Let h = 318 - -127. Let x = 9 - 4. Suppose 5*m - 400 = -0*m + 4*a, 0 = x*m + 5*a - h. Calculate the highest common factor of m and 12.
12
Let x(l) = 53*l - 60. Let r be x(11). Suppose 3*n = 2*y + r + 987, 3*n - 4*y - 1502 = 0. Calculate the greatest common factor of 46 and n.
46
Let g be -3 - -6 - (-4)/2. Let n be 547/g + (-2)/5. Suppose 0 = -2*l + 2*c + 30, 5*l + c + 16 = n. What is the highest common factor of l and 27?
9
Suppose 0 = -5*s + 23 + 27. Let y = 6 + 8. Suppose -s*z + y = -8*z. What is the greatest common divisor of 28 and z?
7
Let k be (-36)/2*(-5 - 1). What is the highest common factor of 48 and k?
12
Let c(k) = -k**2 + 18*k + 20. Let i be c(15). Suppose -12*d + 235 + i = 0. Calculate the greatest common divisor of 25 and d.
25
Let q be -3*5*(-3)/9. Suppose q*d = -x + 27, x = d - 1 - 2. What is the greatest common divisor of 5 and x?
1
Let v(t) = -3*t**2 + 11*t + 1. Let u(y) = -y**2 - 1. Let q(l) = -u(l) + v(l). Let g be q(5). Let f = -33 + 89. What is the greatest common divisor of f and g?
7
Let i be ((-3)/2)/(11/(-1518)). Let q = -86 + i. Let j = 24 - 13. What is the greatest common divisor of j and q?
11
Suppose 0 = 4*b - 9 + 1. Suppose 0 = -0*m - b*m + 104. Calculate the greatest common factor of 130 and m.
26
Suppose 0 = 38*w - 32*w - 4680. Calculate the highest common divisor of w and 40.
20
Let n = -919 - -931. What is the highest common divisor of n and 28?
4
Let w be (-4)/16*-2*146. Suppose 4*k - 3*h - 302 = -w, -3*h + 101 = 2*k. Calculate the greatest common factor of 11 and k.
11
Let u(m) = m**2 - m - 1. Let w(b) = -2*b**2 + 14*b + 18. Let n(z) = -3*u(z) - w(z). Let l be n(-6). Calculate the highest common factor of 165 and l.
15
Let b(d) = 23*d**2 + d + 1. Let s be b(-1). Let l = 40 - s. What is the greatest common factor of 187 and l?
17
Let z be (190/6)/(15/45). What is the highest common divisor of z and 38?
19
Let c be (((-2)/2)/1*1)/1. Let t(p) = -31*p**3 - 2*p**2 + 1. Let s be t(c). What is the highest common factor of 6 and s?
6
Suppose 0 = -4*x - 2*c - 6, -6*c + c + 13 = -4*x. Let g be (1 - 12)*(4 + x). Let b = g + 25. What is the highest common factor of b and 27?
3
Let z = -433 + 631. What is the highest common divisor of 99 and z?
99
Suppose 5*q = -0*q + 40. Let u(d) = -3*d + 3. Let j be u(12). Let g = -9 - j. Calculate the greatest common divisor of g and q.
8
Suppose 0 = r - 0 - 0. Let s be (-18)/(-14) - (-8)/(-28). Let a be (r + 2)*(s - 0). Calculate the highest common divisor of 18 and a.
2
Suppose w = -0*w + 11. Suppose -326 - 4 = -6*k. Calculate the greatest common factor of w and k.
11
Let j = 